4*d = t - 4 - k. Calculate the remainder when 2 is divided by d.
0
Suppose 4*p + 644 = -3*s, 4*p - 8*p = -4*s - 812. Suppose 4*m = -5*t + 24, -3*m = -4*t - 2 - 16. Calculate the remainder when s/(-12) - 2/6 is divided by m.
5
Suppose w - 3 = -5*d + 4*d, 3*w - 4 = -2*d. Suppose d*r - 26 = -h - 0*h, 5*r = 2*h + 23. Let u = 24 - 15. Calculate the remainder when u is divided by r.
4
Let m = -6 - -10. Suppose -o = -0*o - m. Calculate the remainder when 6 is divided by o.
2
Let g(j) = j**3 - 15*j**2 + 11*j + 34. Calculate the remainder when g(15) is divided by 17.
12
Let o(c) = -9*c - 22. What is the remainder when o(-9) is divided by 21?
17
Suppose 5*t - t = 0, 4*q = t + 112. Calculate the remainder when q is divided by 12.
4
Suppose 0 = -5*c - d + 99 - 19, -4*d - 71 = -3*c. Calculate the remainder when 30/4*(-104)/(-12) is divided by c.
14
Let f be 140/(-3) - 4/(-6). Let s = 79 + f. Suppose -5*y + 232 + s = 0. What is the remainder when y is divided by 14?
11
Let y be (-20)/15*(-6)/4. Suppose 0 = -3*u + y*u - 264. What is the remainder when 53 is divided by 4/10 + u/(-15)?
17
Let g = 31 - 17. Calculate the remainder when g is divided by 5.
4
Suppose -195 = -v - 2*v. Let b = v + -28. What is the remainder when b is divided by 10?
7
Let a = -67 + 130. Calculate the remainder when a is divided by 32.
31
Let o(w) = -w**2 - 7*w - 4. Let p be o(-6). Suppose p*r = -0 + 6. Calculate the remainder when 7 is divided by r.
1
Let w = -6 + 8. Suppose h + h - w = 0. Suppose -5*r = -t - 18, r - 6 = -h. What is the remainder when 13 is divided by t?
6
Let u(q) = 2*q**2 + 4*q - 7. What is the remainder when u(-6) is divided by 11?
8
Let u = 43 + -40. Suppose 2*j + 2*l = 6, -2*j + 3*l = -0*l - 6. What is the remainder when u is divided by j?
0
Let u = 209 + -93. What is the remainder when u is divided by 30?
26
Let s = -36 - -55. What is the remainder when 56 is divided by s?
18
Calculate the remainder when 28 + -2 + (-5 - -4) is divided by 7.
4
Suppose 3 - 15 = -b - 3*h, -h = 3*b + 4. Let j(m) = 2*m**2 + 2*m + 4. Let v(k) = -k**3 + 6*k**2 - k + 3. What is the remainder when v(4) is divided by j(b)?
15
Let n(l) = -l**3 - 5*l**2 - 2*l + 1. Let d be (-5)/(1 - 0 - 0). What is the remainder when n(d) is divided by 6?
5
Let u = -113 - -24. Let z = u - -153. Suppose -3*g - g + z = 0. Calculate the remainder when g is divided by 6.
4
Let x(h) = 3*h + 2. Let l be 0/(-2) - (-6)/3. Let f = -26 - -40. Calculate the remainder when f is divided by x(l).
6
Suppose 2*q - 26 = -h + 32, 3*h = -5*q + 173. Let a = 97 - h. Calculate the remainder when a is divided by 11.
8
Suppose -3*r + r = 5*x - 23, 3*r + 2*x = 40. What is the remainder when 35 is divided by r?
7
Suppose -60 = -7*o + 2*o. Let q = -33 - -54. Let v = q + 26. What is the remainder when v is divided by o?
11
Let u = 13 - -10. Calculate the remainder when 66 is divided by u.
20
Let h(f) = f + 10. Let l be h(0). Suppose -l - 14 = 3*q. What is the remainder when q*-2*(-6)/(-4) is divided by 13?
11
What is the remainder when (0 - (-3)/2)*30 is divided by 16?
13
Let h = 4 - 2. Suppose h*k = -2*k. What is the remainder when k + 7 + -1 + 1 is divided by 3?
1
Calculate the remainder when (2 - 0) + (-1)/(1/(-9)) is divided by 4.
3
Let a = 7 - 2. Suppose -a*d = -105 - 50. Calculate the remainder when d is divided by 11.
9
Let s = 6 + 19. What is the remainder when s is divided by 7?
4
Suppose u - 12 = 3*z, -5*u = -z - 3*u - 4. Calculate the remainder when (-24)/z*(-26)/(-4) is divided by 20.
19
Let y(i) = 3*i**3 + 3*i**2 - i - 1. Calculate the remainder when y(1) is divided by 1.
0
Let m = 40 + -25. Suppose -5*s + 0 - m = 0. Calculate the remainder when 38 is divided by (-13)/((0 + 3)/s).
12
Suppose -x + 5*x + 24 = 0. Calculate the remainder when x/10 - (-226)/10 is divided by 8.
6
Suppose 3*g - 126 = -3*g. Calculate the remainder when 60 is divided by g.
18
Suppose 5*x + 38 = o, -2*o - 4*x = 7 - 27. Suppose 5 + 1 = 2*q. Let m(s) = 12*s - 2. What is the remainder when m(q) is divided by o?
16
Suppose -24 = 6*r - 42. Calculate the remainder when 8 is divided by r.
2
Let r = 7 - -13. What is the remainder when r is divided by 12?
8
Let w = 8 - 0. Calculate the remainder when (68/(-3) - -2)*(-12)/8 is divided by w.
7
Let v = 94 - 52. Calculate the remainder when v is divided by 16.
10
Suppose 2*w = 4*w - 8. Let y(o) = -3*o**2 + 13*o + 2. What is the remainder when y(4) is divided by w?
2
Calculate the remainder when (360/(-32))/(3/(-8)) is divided by 11.
8
Let g = -12 + 27. Let s(f) = -f**3 - 11*f**2 - 14*f + 3. Let c = -35 + 25. What is the remainder when s(c) is divided by g?
13
Let a(z) = -z + 6. Let x be a(-6). Suppose 3*t = -0*t + x. Calculate the remainder when 10 is divided by t.
2
Suppose -c = 11 + 1. Let d(j) = j**3 + 11*j**2 - 14*j + 11. What is the remainder when 67 is divided by d(c)?
32
Suppose -3*a - 11 = -68. Calculate the remainder when (-222)/(-4) - (-3)/(-6) is divided by a.
17
Suppose 0*r = 2*l - 3*r - 5, -4*l = -4*r. Let j(m) = -4*m + 3. Calculate the remainder when j(l) is divided by 8.
7
What is the remainder when 99 is divided by (26 + 1 + -2)/(3/3)?
24
Let g(h) = h**2 - h. Let m be -3 - (-42 + 2 + -3). Suppose -3*p - p + m = 0. What is the remainder when p is divided by g(3)?
4
Suppose 0 = 2*n + 2*i - 26, -4*i - 4 = -3*i. Calculate the remainder when (-788)/(-16) - 1/4 is divided by n.
15
Let n(v) = -v**2 + 6*v - 1. Let s = 6 + -2. Let b be n(s). Suppose b*m - 3*m - 156 = 0. Calculate the remainder when m is divided by 20.
19
Suppose -p + 4 = -2*p. Let n = -2 - -1. Let c = n - p. Calculate the remainder when c is divided by 2.
1
Let z(i) be the third derivative of -i**4/24 + 5*i**3/6 + i**2. Calculate the remainder when 20 is divided by z(-6).
9
Let x be 3*3/9*-1. Let y(k) = k**3 - 2 + 3 - 5*k**3. What is the remainder when 7 is divided by y(x)?
2
Let u be -1 + 21/3 - 1. Suppose 4*k + 19 = -3*p, 2*k - u*p - 18 = -p. What is the remainder when 30 is divided by -1*(3 - k)*-2?
6
Suppose 931 = 2*k + 5*p, 0*p - 5*p = 5. Suppose -2*w - 2*w = -k. What is the remainder when w is divided by 30?
27
Let r(m) = -3*m + 4. Calculate the remainder when r(-19) is divided by 16.
13
Let u(n) = -n**3 + 2*n. What is the remainder when 6 is divided by u(-2)?
2
Suppose 0 = -3*y - 2*q + 206 + 15, -78 = -y - 5*q. Calculate the remainder when y is divided by 25.
23
Let q(f) = -f**3 + f**2 + f + 15. Let o = 65 - 21. Calculate the remainder when o is divided by q(0).
14
Suppose -v + 11 = -9. What is the remainder when 58 is divided by v?
18
Let p = 8 + -4. Suppose c + 31 = 10. Let y = -10 - c. What is the remainder when y is divided by p?
3
Suppose -n = -0 - 7. Calculate the remainder when 12 is divided by n.
5
Let x be 6/10 - 228/(-20). Suppose -x = -6*s + 2*s. Suppose -9 = -t - s*u + 10, 4*t = -u + 76. What is the remainder when t is divided by 10?
9
Suppose o = 4*o - 5*k + 40, -3*k = 2*o + 52. Let s = o - -36. Calculate the remainder when s is divided by 9.
7
Let b = 34 + -18. Calculate the remainder when 46 is divided by b.
14
Suppose -22 = 2*b - 58. Let h = 212 + -142. What is the remainder when h is divided by b?
16
Let b be 1 + 2 + -1 + 1. Suppose -b*c - c = 0. What is the remainder when 1 is divided by (-1)/(1/(-1) - c)?
0
Suppose u = -4*k - 4 - 14, 4*u + 3*k + 7 = 0. Suppose -u*o = 2*g - 10, -3 = -2*o - 1. Calculate the remainder when 10 is divided by g.
2
Let w be 12/42 + (-86)/7. Let d = 70 - 46. Let q = w + d. What is the remainder when 35 is divided by q?
11
Let i = 36 + -25. Calculate the remainder when 20 is divided by i.
9
Let c(u) = 97*u - 2. What is the remainder when c(1) is divided by 24?
23
Suppose 15 = 2*g + 3*g. Let i(t) = -t**2 + 3*t + 3. Let f be i(g). Calculate the remainder when (f + -4)/((-2)/14) is divided by 4.
3
Suppose 2*o - s + 5 = -o, 4*s = -o - 6. Let w = o - -7. Suppose 4*c - 31 = -r, 0*r - w*c - 40 = -4*r. Calculate the remainder when r is divided by 6.
3
Suppose -f = -5*m - 13 - 18, -34 = -2*f + 3*m. Let a = 16 + -9. Calculate the remainder when f is divided by a.
4
Suppose -4*y + 5*y = 5. What is the remainder when 31 is divided by (2 + y/(-3))*51?
14
Let l(f) = f**2 + 6*f + 2. Let d be l(-6). Let g = d - -3. Suppose 4*y + 30 = 2*a - 50, g*y = -3*a + 87. What is the remainder when a is divide